+ 2*p**2 - 600*p - 602. Give m(-1).
6
Let y(v) = v**2 + 46*v - 30400. What is y(152)?
-304
Let k(s) = -5785*s - 467745. Calculate k(-81).
840
Let j(a) = -5*a**3 + 149*a**2 + 964*a - 71. Calculate j(-6).
589
Let m(s) = 570*s + 40683. Determine m(-70).
783
Let s(f) = 57*f - 183. Calculate s(28).
1413
Let w(t) = 35*t**2 + 8088*t + 633. What is w(-231)?
-60
Let a(s) = 426*s - 56256. Calculate a(132).
-24
Let j(w) = 28672*w + 19. What is j(0)?
19
Let b(m) = -m**3 + 12*m**2 - 521*m + 4988. What is b(10)?
-22
Let m(j) = -12*j**2 + 1854*j - 1852. Give m(1).
-10
Let m(i) = i**3 - 617*i**2 - 12073*i - 72. Give m(-19).
-281
Let b(z) = 487235*z - 3897876. Calculate b(8).
4
Let b(t) = t**3 + 43*t**2 + 14090*t - 28351. Calculate b(2).
9
Let p(y) = y**3 + 262*y**2 + 757*y - 5164. Calculate p(-259).
16
Let b(s) = 2*s**2 + 669*s + 50407. What is b(-220)?
27
Let q(s) = s**3 - 21*s**2 + 131*s - 315. Determine q(7).
-84
Let z(r) = -r**3 + 89*r**2 - 197*r + 2020. Give z(87).
19
Let f(g) = -43*g**2 - 2120*g + 2158. What is f(1)?
-5
Let a(v) = -3*v**3 - 330*v**2 + 233*v + 25636. What is a(-110)?
6
Let k(l) = -641*l**2 - 49*l - 22. Calculate k(-1).
-614
Let u(p) = -p**2 - 346*p + 164547. Give u(-614).
-5
Let j(p) = -p**3 + 7*p**2 - p + 348. Give j(11).
-147
Let o(c) = c**3 - 45*c**2 + 120*c + 14. Give o(3).
-4
Let h(t) = 4*t**3 - 111*t**2 - 12*t - 515. Calculate h(28).
-67
Let y(x) = -2339*x - 379209. What is y(-162)?
-291
Let o(i) = -15794*i + 252716. Give o(16).
12
Let m(p) = -28595*p - 142826. Calculate m(-5).
149
Let x(u) = 3*u**2 + 14887*u - 283824. Calculate x(19).
112
Let z(l) = -l**3 - 76*l**2 + 3159*l - 2386. Give z(-106).
-160
Let i(n) = 2*n**2 + 214*n + 1283. Calculate i(-6).
71
Let n(b) = -5*b**2 + 71*b + 18. Calculate n(-7).
-724
Let b(m) = -510*m - 86914. Calculate b(-170).
-214
Let s(z) = -110*z**2 - 393*z + 783. What is s(-5)?
-2
Let f(b) = -10*b**3 - 440*b**2 + 3095*b + 136155. Calculate f(-44).
-25
Let p(q) = -q**3 - 26*q**2 + 1947*q + 3997. Give p(-2).
7
Let u(s) = 4393*s - 210856. What is u(48)?
8
Let r(a) = -a**2 - 50375*a - 100743. Give r(-2).
3
Let y(f) = 129*f + 22577. Give y(-175).
2
Let j(o) = o**2 + 1597*o + 14378. Give j(-9).
86
Let k(h) = -4*h**3 - 242*h**2 - 1611*h + 54. What is k(-7)?
845
Let f(k) = 2*k**3 - 9*k**2 + 996*k - 1974. Calculate f(2).
-2
Let w(m) = 2*m**2 - 82*m + 7. What is w(26)?
-773
Let z(s) = 2*s**3 + 68*s**2 + 80*s + 459. Calculate z(-33).
-3
Let j(z) = z**3 - 41*z**2 - 564*z - 764. Determine j(-9).
262
Let g(o) = 2*o**2 - 76*o + 394. Give g(23).
-296
Let c(k) = 48*k**3 - 769*k**2 - 434*k + 7195. Determine c(16).
-5
Let k(q) = 54*q**2 + 6935*q + 83369. Determine k(-115).
-6
Let b(q) = q**3 + 28*q**2 - 629*q - 291. Calculate b(15).
-51
Let h(g) = -17664*g - 141277. What is h(-8)?
35
Let q(o) = -17575*o + 52796. Calculate q(3).
71
Let l(a) = 704*a**3 + 58434*a**2 + 165*a - 25. Determine l(-83).
58
Let n(w) = w**2 - 104*w + 3148. Determine n(45).
493
Let u(g) = 62*g**2 - 184*g - 2. What is u(2)?
-122
Let k(j) = 234*j**2 + 1848*j + 1478. What is k(-7)?
8
Let i(s) = -428*s - 138980. Give i(-321).
-1592
Let p(y) = y**3 + 1421*y**2 + 4257*y - 5. Give p(-3).
-14
Let q(t) = 8*t**2 + 100*t + 690. Determine q(-7).
382
Let j(t) = t**2 + 441*t + 10015. What is j(-417)?
7
Let x(y) = 91*y**3 - 3549*y**2 - 17. Determine x(39).
-17
Let h(a) = -a**3 - 15*a**2 + 2852*a + 2807. Give h(-61).
1
Let j(z) = -2*z**2 + 782*z - 59435. Give j(102).
-479
Let f(i) = -16926*i - 84625. What is f(-5)?
5
Let h(y) = -6*y**3 + 553*y**2 - 86*y - 526. What is h(92)?
26
Let i(g) = -6*g**3 + 26*g**2 - 5*g + 195. Give i(6).
-195
Let g(p) = -16707*p - 100232. What is g(-6)?
10
Let m(d) = -24*d**2 - 2323*d + 412. Determine m(-97).
-73
Let i(w) = w**2 + 111*w + 4011. Determine i(-65).
1021
Let i(s) = 7*s**2 + 1756*s - 245. Determine i(-251).
6
Let v(i) = -516*i**2 - 5180*i - 82. What is v(-10)?
118
Let z(u) = -99*u**2 - 1022*u - 32. Give z(-12).
-2024
Let n(m) = -m**3 - 12*m**2 + 92*m + 147. What is n(-19)?
926
Let w(p) = 64*p**2 - 1518*p + 1065. Give w(23).
7
Let z(f) = 180*f**3 - 365*f**2 - f + 15. Determine z(2).
-7
Let p(s) = -2*s**3 - 202*s**2 - 823*s - 42262. Determine p(-99).
11
Let x(f) = 3*f**2 + 116*f - 42729. Give x(102).
315
Let j(c) = -8*c**3 + 21*c**2 + 504*c - 2558. Determine j(5).
-513
Let w(j) = -7632*j + 496090. What is w(65)?
10
Let s(y) = 3345*y - 150498. Determine s(45).
27
Let y(m) = 2*m**3 + 238*m**2 + 10*m + 1182. Give y(-119).
-8
Let g(r) = 16*r**2 - 3755*r + 2580. Determine g(234).
6
Let f(k) = 3*k**2 - 1187*k + 97622. Give f(279).
-28
Let i(j) = -26*j + 1561. Determine i(26).
885
Let z(i) = 902*i + 7072. Give z(-8).
-144
Let x(r) = -r**2 - 18102*r - 72403. Calculate x(-4).
-11
Let a(o) = o**2 + 11829*o + 659128. What is a(-56)?
-160
Let h(g) = 2*g**3 - 38*g**2 + 513*g - 6902. Calculate h(16).
-230
Let d(l) = -2*l**3 - 1052*l**2 + 6153*l - 122868. Give d(-532).
24
Let p(n) = -n**3 + 2*n**2 - 663*n - 50. Determine p(0).
-50
Let l(n) = -469*n + 318457. Determine l(679).
6
Let z(h) = h**2 - 124*h + 1756. Give z(12).
412
Let a(p) = -25149*p + 301767. Give a(12).
-21
Let s(n) = 3*n**3 + 15*n**2 + 44*n - 27. Calculate s(-6).
-399
Let b(q) = 212*q**2 - 6507*q - 2117. Give b(31).
-102
Let v(q) = -33*q**3 + 987*q**2 + 91*q + 17. Give v(30).
47
Let j(z) = 1762*z - 48475. What is j(30)?
4385
Let w(u) = -7631*u + 213756. Calculate w(28).
88
Let y(m) = 249*m - 13415. Calculate y(54).
31
Let y(x) = -20*x**2 - 557*x - 359. Calculate y(-7).
2560
Let d(p) = p**3 + 120*p**2 + 227*p - 1054. Determine d(-118).
8
Let n(q) = 47082*q - 94140. Give n(2).
24
Let t(r) = 51*r**3 + 75*r**2 - 145*r + 73. Determine t(1).
54
Let o(i) = -i**2 + 2540*i - 67837. Determine o(27).
14
Let y(b) = -b**2 + 247844*b - 2974000. Calculate y(12).
-16
Let j(u) = 4*u**3 + 28*u**2 - 128*u - 1050. Calculate j(-7).
-154
Let g(j) = 689*j - 4012. Determine g(5).
-567
Let b(f) = 22600*f - 1943596. What is b(86)?
4
Let g(v) = -5*v**2 - 96*v + 219. What is g(11)?
-1442
Let q(b) = 31*b**2 - 6254*b + 37544. Give q(6).
1136
Let v(r) = 44*r**2 - 9107*r - 112. Give v(207).
95
Let d(w) = 36*w + 1283. Determine d(48).
3011
Let i(w) = -19*w**2 - 2112*w + 46543. Give i(-130).
3
Let g(w) = 3*w**3 - 13*w**2 - 201*w + 854. Give g(4).
34
Let x(r) = -r**2 + 2673*r + 158373. Determine x(-58).
-25
Let r(p) = 16750*p + 1088760. What is r(-65)?
10
Let g(u) = 344286*u - 10328574. Give g(30).
6
Let w(v) = 30242*v - 181532. Calculate w(6).
-80
Let m(x) = 410*x**2 - 250*x - 503. What is m(-2)?
1637
Let c(x) = -57160*x - 5373044. Give c(-94).
-4
Let z(s) = -s**3 + 19*s**2 - 25428*s + 457384. Calculate z(18).
4
Let r(x) = 157*x - 529. Give r(-4).
-1157
Let s(w) = -5*w**2 - 265*w - 2152. Give s(-55).
-2702
Let w(i) = -2*i**2 + 1516*i - 221012. Calculate w(561).
22
Let u(l) = 21*l**3 + 2981*l**2 - 144*l - 287. What is u(-142)?
-3
Let z(g) = -g**2 - 827*g - 67347. Give z(-91).
-371
Let k(m) = 6*m**2 - 220*m + 1884. Determine k(11).
190
Let d(g) = -777*g + 5927. Determine d(3).
3596
Let a(u) = 1197*u - 1160. Determine a(1).
37
Let v(n) = n**3 + 6*n**2 + 17*n - 128. Calculate v(0).
-128
Let b(g) = 2*g**3 + 694*g**2 - 103964*g - 1847. Determine b(-460).
-7
Let q(s) = -11463*s + 8597245. Calculate q(750).
-5
Let j(r) = r**3 - 165*r**2 - 1743*r - 1303. What is j(175)?
-78
Let d(a) = a**3 + 325*a**2 + 10131*a - 5514. What is d(-290)?
-4
Let i(x) = -487*x + 8665. Give i(21).
-1562
Let w(l) = 2*l**3 + 89*l**2 - 120*l - 3631. Calculate w(-45).
-256
Let k(v) = 1635880*v - 3271743. Give k(2).
17
Let j(g) = -18*g**2 - 195*g - 399. Determine j(-10).
-249
Let w(k) = -13*k**2 - 404*k - 818. Give w(-2).
-62
Let c(p) = -910*p**2 + 1396*p - 15. What is c(1)?
471
Let u(v) = 25*v**2 - 658*v - 46629. What is u(-32)?
27
Let z(d) = 4441*d + 8994. Give z(-2).
112
Let z(w) = w**3 + 52*w**2 - 1272*w - 786. Calculate z(-70).
54
Let m(c) = c**3 + 10*c**2 + 32*c + 342. Calculate m(-8).
214
Let n(b) = 3*b**3 + 30*b**2 + 774*b + 6758. What is n(-9)?
35
Let z(x) = -131*x - 13112. Calculate z(-96).
-536
Let d(z) = -55*z - 190. Give d(-3).
-25
Let b(h) = -h**3 - 2*h**2 + 215*h + 651. Give b(16).
-517
Let c(p) = 1024*p - 14390. What is c(14)?
-54
Let l(x) = -4*x**3 + 176*x**2 - 116*x + 5111. Give l(44).
7
Let i(h) = 143*h**2 + 58205*h + 1636. Wh